 the thousands digit of 5557?
5
What is the ten thousands digit of 76536?
7
What is the tens digit of 44930?
3
What is the hundreds digit of 17860?
8
What is the tens digit of 5508?
0
What is the hundreds digit of 5380?
3
What is the hundreds digit of 3509?
5
What is the thousands digit of 5754?
5
What is the hundreds digit of 113606?
6
What is the thousands digit of 1224?
1
What is the units digit of 7309?
9
What is the units digit of 1830?
0
What is the hundreds digit of 50420?
4
What is the units digit of 348?
8
What is the thousands digit of 3614?
3
What is the thousands digit of 2556?
2
What is the hundreds digit of 1519?
5
What is the hundreds digit of 1809?
8
What is the units digit of 87239?
9
What is the hundreds digit of 16401?
4
What is the hundreds digit of 8463?
4
What is the units digit of 4261?
1
What is the units digit of 3461?
1
What is the thousands digit of 84690?
4
What is the tens digit of 27050?
5
What is the tens digit of 9232?
3
What is the tens digit of 99544?
4
What is the tens digit of 13428?
2
What is the hundreds digit of 2064?
0
What is the hundreds digit of 3235?
2
What is the hundreds digit of 9288?
2
What is the hundreds digit of 121158?
1
What is the hundreds digit of 10976?
9
What is the thousands digit of 28578?
8
What is the tens digit of 1465?
6
What is the hundreds digit of 53170?
1
What is the units digit of 298?
8
What is the tens digit of 1406?
0
What is the thousands digit of 6398?
6
What is the units digit of 1064?
4
What is the tens digit of 69?
6
What is the units digit of 48786?
6
What is the hundreds digit of 1210?
2
What is the hundreds digit of 4586?
5
What is the tens digit of 46332?
3
What is the units digit of 33226?
6
What is the thousands digit of 47115?
7
What is the tens digit of 531?
3
What is the thousands digit of 10495?
0
What is the hundreds digit of 74309?
3
What is the hundreds digit of 34281?
2
What is the units digit of 1574?
4
What is the thousands digit of 48740?
8
What is the tens digit of 7197?
9
What is the units digit of 90?
0
What is the ten thousands digit of 10786?
1
What is the tens digit of 1745?
4
What is the units digit of 21812?
2
What is the thousands digit of 19439?
9
What is the hundreds digit of 8826?
8
What is the ten thousands digit of 21288?
2
What is the tens digit of 4169?
6
What is the hundreds digit of 14895?
8
What is the hundreds digit of 111957?
9
What is the ten thousands digit of 52967?
5
What is the units digit of 87654?
4
What is the units digit of 965?
5
What is the hundreds digit of 1417?
4
What is the units digit of 567?
7
What is the units digit of 60724?
4
What is the hundreds digit of 2136?
1
What is the tens digit of 7899?
9
What is the thousands digit of 4776?
4
What is the thousands digit of 1472?
1
What is the hundreds digit of 28318?
3
What is the tens digit of 69058?
5
What is the hundreds digit of 13654?
6
What is the tens digit of 1418?
1
What is the tens digit of 2562?
6
What is the tens digit of 46?
4
What is the units digit of 628?
8
What is the units digit of 646?
6
What is the units digit of 10318?
8
What is the units digit of 1312?
2
What is the tens digit of 2260?
6
What is the units digit of 2762?
2
What is the tens digit of 13531?
3
What is the thousands digit of 1281?
1
What is the tens digit of 1894?
9
What is the tens digit of 270?
7
What is the units digit of 33764?
4
What is the hundreds digit of 164?
1
What is the ten thousands digit of 11015?
1
What is the hundreds digit of 1148?
1
What is the hundreds digit of 31042?
0
What is the hundreds digit of 19437?
4
What is the units digit of 21098?
8
What is the hundreds digit of 15580?
5
What is the tens digit of 19076?
7
What is the hundreds digit of 23398?
3
What is the units digit of 750?
0
What is the units digit of 1382?
2
What is the tens digit of 1485?
8
What is the units digit of 3711?
1
What is the units digit of 32659?
9
What is the units digit of 14367?
7
What is the thousands digit of 21443?
1
What is the hundreds digit of 120?
1
What is the tens digit of 40654?
5
What is the hundreds digit of 57538?
5
What is the thousands digit of 4793?
4
What is the hundreds digit of 1923?
9
What is the units digit of 6482?
2
What is the ten thousands digit of 23058?
2
What is the ten thousands digit of 130411?
3
What is the hundreds digit of 79026?
0
What is the thousands digit of 2088?
2
What is the thousands digit of 2025?
2
What is the ten thousands digit of 33741?
3
What is the units digit of 71219?
9
What is the thousands digit of 1902?
1
What is the tens digit of 2237?
3
What is the tens digit of 38890?
9
What is the units digit of 1453?
3
What is the hundreds digit of 1335?
3
What is the hundreds digit of 52937?
9
What is the tens digit of 36483?
8
What is the tens digit of 511?
1
What is the hundreds digit of 427?
4
What is the units digit of 406?
6
What is the ten thousands digit of 56511?
5
What is the units digit of 4620?
0
What is the units digit of 23111?
1
What is the units digit of 6917?
7
What is the ten thousands digit of 18127?
1
What is the tens digit of 50042?
4
What is the tens digit of 631?
3
What is the hundreds digit of 15044?
0
What is the tens digit of 79198?
9
What is the hundreds digit of 38046?
0
What is the units digit of 3506?
6
What is the units digit of 512?
2
What is the tens digit of 686?
8
What is the hundreds digit of 2524?
5
What is the thousands digit of 2229?
2
What is the hundreds digit of 753?
7
What is the hundreds digit of 2088?
0
What is the tens digit of 8076?
7
What is the thousands digit of 30077?
0
What is the hundreds digit of 85502?
5
What is the hundreds digit of 501?
5
What is the tens digit of 36?
3
What is the hundreds digit of 668?
6
What is the thousands digit of 21776?
1
What is the hundreds digit of 19831?
8
What is the ten thousands digit of 18087?
1
What is the thousands digit of 35593?
5
What is the thousands digit of 19852?
9
What is the thousands digit of 1729?
1
What is the thousands digit of 27361?
7
What is the thousands digit of 82908?
2
What is the tens digit of 1716?
1
What is the hundreds digit of 8434?
4
What is the ten thousands digit of 50274?
5
What is the ten thousands digit of 14404?
1
What is the hundreds digit of 2231?
2
What is the units digit of 59879?
9
What is the hundreds digit of 71728?
7
What is the hundreds digit of 509?
5
What is the tens digit of 326?
2
What is the units digit of 22773?
3
What is the tens digit of 7404?
0
What is the tens digit of 1214?
1
What is the ten thousands digit of 16690?
1
What is the ten thousands digit of 18018?
1
What is the units digit of 1436?
6
What is the units digit of 627?
7
What is the hundreds digit of 1637?
6
What is the tens digit of 454?
5
What is the thousands digit of 6078?
6
What is the units digit of 67052?
2
What is the ten thousands digit of 33941?
3
What is the hundreds digit of 58839?
8
What is the thousands digit of 51992?
1
What is the ten thousands digit of 13768?
1
What is the tens digit of 1122?
2
What is the tens digit of 1941?
4
What is the thousands digit of 2856?
2
What is the hundreds digit of 2847?
8
What is the hundreds digit of 12802?
8
What is the tens digit of 100344?
4
What is the hundreds digit of 9553?
5
What is the hundreds digit of 54950?
9
What is the hundreds digit of 1854?
8
What is the tens digit of 43643?
4
What is the thousands digit of 11686?
1
What is the hundreds digit of 1370?
3
What is the thousands digit of 135575?
5
What is the tens digit of 84?
8
What is the units digit of 2279?
9
What is the units digit of 23968?
8
What is the units digit of 1122?
2
What is the units digit of 28352?
2
What is the thousands digit of 19422?
9
What is the ten thousands digit of 27838?
2
What is the thousands digit of 12947?
2
What is the hundreds digit of 367?
3
What is the tens digit of 34722?
2
What is the thousands digit of 4256?
4
What is the ten thousands digit of 18329?
1
What is the hundreds digit of 2772?
7
What is the hundreds digit of 353?
3
What is the units digit of 49952?
2
What is the ten thousands digit of 43902?
4
What is the units digit of 1012?
2
What is the tens digit of 3737?
3
What is the tens digit of 3421?
2
What is the hundreds digit of 8720?
7
What is the units digit of 32620?
0
What is the tens 